{"id":103,"date":"2022-07-08T18:20:27","date_gmt":"2022-07-08T18:20:27","guid":{"rendered":"https:\/\/viacaolimaesilva.com.br\/?page_id=103"},"modified":"2023-10-24T14:09:18","modified_gmt":"2023-10-24T14:09:18","slug":"sobre-nos","status":"publish","type":"page","link":"https:\/\/viacaolimaesilva.com.br\/?page_id=103","title":{"rendered":"Sobre n\u00f3s"},"content":{"rendered":"\t\t<div data-elementor-type=\"wp-page\" data-elementor-id=\"103\" class=\"elementor elementor-103\" data-elementor-post-type=\"page\">\n\t\t\t\t\t\t<section class=\"elementor-section elementor-top-section elementor-element elementor-element-fed5649 elementor-section-boxed elementor-section-height-default elementor-section-height-default\" data-id=\"fed5649\" data-element_type=\"section\" data-settings=\"{&quot;background_background&quot;:&quot;classic&quot;}\">\n\t\t\t\t\t\t\t<div class=\"elementor-background-overlay\"><\/div>\n\t\t\t\t\t\t\t<div class=\"elementor-container elementor-column-gap-default\">\n\t\t\t\t\t<div class=\"elementor-column elementor-col-50 elementor-top-column elementor-element elementor-element-79862e96\" data-id=\"79862e96\" data-element_type=\"column\">\n\t\t\t<div class=\"elementor-widget-wrap elementor-element-populated\">\n\t\t\t\t\t\t<div class=\"elementor-element elementor-element-50784055 elementor-widget elementor-widget-heading\" data-id=\"50784055\" data-element_type=\"widget\" data-widget_type=\"heading.default\">\n\t\t\t\t<div class=\"elementor-widget-container\">\n\t\t\t\t\t<h2 class=\"elementor-heading-title elementor-size-default\">Sobre N\u00f3s<\/h2>\t\t\t\t<\/div>\n\t\t\t\t<\/div>\n\t\t\t\t<div class=\"elementor-element elementor-element-7fadfd05 elementor-widget elementor-widget-text-editor\" data-id=\"7fadfd05\" data-element_type=\"widget\" data-widget_type=\"text-editor.default\">\n\t\t\t\t<div class=\"elementor-widget-container\">\n\t\t\t\t\t\t\t\t\t<p>Somos tradi\u00e7\u00e3o no transporte de colaboradores em Campinas-SP e regi\u00e3o<\/p>\t\t\t\t\t\t\t\t<\/div>\n\t\t\t\t<\/div>\n\t\t\t\t\t<\/div>\n\t\t<\/div>\n\t\t\t\t<div class=\"elementor-column elementor-col-50 elementor-top-column elementor-element elementor-element-2fdec8d6\" data-id=\"2fdec8d6\" data-element_type=\"column\">\n\t\t\t<div class=\"elementor-widget-wrap elementor-element-populated\">\n\t\t\t\t\t\t<div class=\"elementor-element elementor-element-3c4fad9e elementor-icon-list--layout-inline elementor-align-right elementor-mobile-align-center elementor-list-item-link-full_width elementor-widget elementor-widget-icon-list\" data-id=\"3c4fad9e\" data-element_type=\"widget\" data-widget_type=\"icon-list.default\">\n\t\t\t\t<div class=\"elementor-widget-container\">\n\t\t\t\t\t\t\t<ul class=\"elementor-icon-list-items elementor-inline-items\">\n\t\t\t\t\t\t\t<li class=\"elementor-icon-list-item elementor-inline-item\">\n\t\t\t\t\t\t\t\t\t\t\t<a href=\"\/\">\n\n\t\t\t\t\t\t\t\t\t\t\t<span class=\"elementor-icon-list-text\">Home<\/span>\n\t\t\t\t\t\t\t\t\t\t\t<\/a>\n\t\t\t\t\t\t\t\t\t<\/li>\n\t\t\t\t\t\t\t\t<li class=\"elementor-icon-list-item elementor-inline-item\">\n\t\t\t\t\t\t\t\t\t\t\t<span class=\"elementor-icon-list-icon\">\n\t\t\t\t\t\t\t<i aria-hidden=\"true\" class=\"jki jki-chevrons-right-line\"><\/i>\t\t\t\t\t\t<\/span>\n\t\t\t\t\t\t\t\t\t\t<span class=\"elementor-icon-list-text\">Sobre n\u00f3s<\/span>\n\t\t\t\t\t\t\t\t\t<\/li>\n\t\t\t\t\t\t<\/ul>\n\t\t\t\t\t\t<\/div>\n\t\t\t\t<\/div>\n\t\t\t\t\t<\/div>\n\t\t<\/div>\n\t\t\t\t\t<\/div>\n\t\t<\/section>\n\t\t\t\t<section class=\"elementor-section elementor-top-section elementor-element elementor-element-6ac0b8bc elementor-section-boxed elementor-section-height-default elementor-section-height-default\" data-id=\"6ac0b8bc\" data-element_type=\"section\" data-settings=\"{&quot;background_background&quot;:&quot;classic&quot;}\">\n\t\t\t\t\t\t\t<div class=\"elementor-background-overlay\"><\/div>\n\t\t\t\t\t\t\t<div class=\"elementor-container elementor-column-gap-default\">\n\t\t\t\t\t<div class=\"elementor-column elementor-col-100 elementor-top-column elementor-element elementor-element-7b8352a6\" data-id=\"7b8352a6\" data-element_type=\"column\">\n\t\t\t<div class=\"elementor-widget-wrap elementor-element-populated\">\n\t\t\t\t\t\t<div class=\"elementor-element elementor-element-5a8f4cc2 elementor-widget elementor-widget-jkit_heading\" data-id=\"5a8f4cc2\" data-element_type=\"widget\" data-widget_type=\"jkit_heading.default\">\n\t\t\t\t<div class=\"elementor-widget-container\">\n\t\t\t\t\t<div  class=\"jeg-elementor-kit jkit-heading  align-center align-tablet-center align-mobile-center jeg_module___69e226994637c\" ><div class=\"heading-section-title  display-inline-block\"><h2 class=\"heading-title\"><span class=\"style-color\"><span>Sobre N\u00f3s<\/span><\/span> <\/h2><\/div><\/div>\t\t\t\t<\/div>\n\t\t\t\t<\/div>\n\t\t\t\t<div class=\"elementor-element elementor-element-29d084f1 elementor-widget elementor-widget-text-editor\" data-id=\"29d084f1\" data-element_type=\"widget\" data-widget_type=\"text-editor.default\">\n\t\t\t\t<div class=\"elementor-widget-container\">\n\t\t\t\t\t\t\t\t\t<p><strong>Tradi\u00e7\u00e3o e Modernidade<\/strong><\/p>\n<p>A Transnetti pertence a um grupo com mais de 60 anos de experi\u00eancia e tradi\u00e7\u00e3o no mercado. Opera no setor de transporte de passageiros com \u00f4nibus, micro-\u00f4nibus, vans, ve\u00edculos pequenos e utilit\u00e1rios, em regime de fretamento cont\u00ednuo ou eventual\/turismo.<\/p>\n<p>A empresa atua na Regi\u00e3o Metropolitana de Campinas, com unidades em Campinas e Indaiatuba, onde funcionam as garagens dos ve\u00edculos, a manuten\u00e7\u00e3o da frota e o departamento administrativo da empresa. Al\u00e9m disso conta com garagens de apoio em Paul\u00ednia, Americana e Valinhos.<\/p>\n<p>Nossa miss\u00e3o \u00e9 buscar a plena satisfa\u00e7\u00e3o dos clientes, priorizando o m\u00e1ximo em conforto e seguran\u00e7a no transporte de passageiros.<\/p>\n<p>Prestamos servi\u00e7os de fretamento para empresas, faculdades, escolas e igrejas, al\u00e9m de servi\u00e7os de transporte para o turismo em geral, como excurs\u00f5es, viagens intermunicipais, interestaduais e at\u00e9 internacionais.<\/p>\n<p>Alcan\u00e7ar a excel\u00eancia nos servi\u00e7os prestados \u00e9 nossa meta, por isso, investimos em treinamentos dos nossos funcion\u00e1rios, na manuten\u00e7\u00e3o e seguran\u00e7a dos ve\u00edculos, e em tecnologia. Utilizamos toda nossa tradi\u00e7\u00e3o para inovar o futuro.<\/p>\t\t\t\t\t\t\t\t<\/div>\n\t\t\t\t<\/div>\n\t\t\t\t\t<\/div>\n\t\t<\/div>\n\t\t\t\t\t<\/div>\n\t\t<\/section>\n\t\t\t\t<\/div>\n\t\t","protected":false},"excerpt":{"rendered":"<p>Sobre N\u00f3s Somos tradi\u00e7\u00e3o no transporte de colaboradores em Campinas-SP e regi\u00e3o Home Sobre n\u00f3s Sobre N\u00f3s Tradi\u00e7\u00e3o e Modernidade A Transnetti pertence a um grupo com mais de 60 anos de experi\u00eancia e tradi\u00e7\u00e3o no mercado. Opera no setor de transporte de passageiros com \u00f4nibus, micro-\u00f4nibus, vans, ve\u00edculos pequenos e utilit\u00e1rios, em regime de [&hellip;]<\/p>\n","protected":false},"author":1,"featured_media":0,"parent":0,"menu_order":0,"comment_status":"closed","ping_status":"closed","template":"elementor_header_footer","meta":{"footnotes":""},"class_list":["post-103","page","type-page","status-publish","hentry"],"yoast_head":"<!-- This site is optimized with the Yoast SEO plugin v25.4 - https:\/\/yoast.com\/wordpress\/plugins\/seo\/ -->\n<title>Sobre n\u00f3s - Fretamento de \u00d4nibus<\/title>\n<meta name=\"robots\" content=\"noindex, follow, max-snippet:-1, max-image-preview:large, max-video-preview:-1\" \/>\n<meta property=\"og:locale\" content=\"pt_BR\" \/>\n<meta property=\"og:type\" content=\"article\" \/>\n<meta property=\"og:title\" content=\"Sobre n\u00f3s - Fretamento de \u00d4nibus\" \/>\n<meta property=\"og:description\" content=\"Sobre N\u00f3s Somos tradi\u00e7\u00e3o no transporte de colaboradores em Campinas-SP e regi\u00e3o Home Sobre n\u00f3s Sobre N\u00f3s Tradi\u00e7\u00e3o e Modernidade A Transnetti pertence a um grupo com mais de 60 anos de experi\u00eancia e tradi\u00e7\u00e3o no mercado. Opera no setor de transporte de passageiros com \u00f4nibus, micro-\u00f4nibus, vans, ve\u00edculos pequenos e utilit\u00e1rios, em regime de [&hellip;]\" \/>\n<meta property=\"og:url\" content=\"https:\/\/viacaolimaesilva.com.br\/?page_id=103\" \/>\n<meta property=\"og:site_name\" content=\"Fretamento de \u00d4nibus\" \/>\n<meta property=\"article:modified_time\" content=\"2023-10-24T14:09:18+00:00\" \/>\n<meta name=\"twitter:card\" content=\"summary_large_image\" \/>\n<meta name=\"twitter:label1\" content=\"Est. tempo de leitura\" \/>\n\t<meta name=\"twitter:data1\" content=\"2 minutos\" \/>\n<script type=\"application\/ld+json\" class=\"yoast-schema-graph\">{\"@context\":\"https:\/\/schema.org\",\"@graph\":[{\"@type\":\"WebPage\",\"@id\":\"https:\/\/viacaolimaesilva.com.br\/?page_id=103\",\"url\":\"https:\/\/viacaolimaesilva.com.br\/?page_id=103\",\"name\":\"Sobre n\u00f3s - Fretamento de \u00d4nibus\",\"isPartOf\":{\"@id\":\"https:\/\/viacaolimaesilva.com.br\/#website\"},\"datePublished\":\"2022-07-08T18:20:27+00:00\",\"dateModified\":\"2023-10-24T14:09:18+00:00\",\"breadcrumb\":{\"@id\":\"https:\/\/viacaolimaesilva.com.br\/?page_id=103#breadcrumb\"},\"inLanguage\":\"pt-BR\",\"potentialAction\":[{\"@type\":\"ReadAction\",\"target\":[\"https:\/\/viacaolimaesilva.com.br\/?page_id=103\"]}]},{\"@type\":\"BreadcrumbList\",\"@id\":\"https:\/\/viacaolimaesilva.com.br\/?page_id=103#breadcrumb\",\"itemListElement\":[{\"@type\":\"ListItem\",\"position\":1,\"name\":\"In\u00edcio\",\"item\":\"https:\/\/viacaolimaesilva.com.br\/\"},{\"@type\":\"ListItem\",\"position\":2,\"name\":\"Sobre n\u00f3s\"}]},{\"@type\":\"WebSite\",\"@id\":\"https:\/\/viacaolimaesilva.com.br\/#website\",\"url\":\"https:\/\/viacaolimaesilva.com.br\/\",\"name\":\"Fretamento de \u00d4nibus\",\"description\":\"Fretamento de \u00d4nibus, Micro e Vans.\",\"potentialAction\":[{\"@type\":\"SearchAction\",\"target\":{\"@type\":\"EntryPoint\",\"urlTemplate\":\"https:\/\/viacaolimaesilva.com.br\/?s={search_term_string}\"},\"query-input\":{\"@type\":\"PropertyValueSpecification\",\"valueRequired\":true,\"valueName\":\"search_term_string\"}}],\"inLanguage\":\"pt-BR\"}]}<\/script>\n<!-- \/ Yoast SEO plugin. -->","yoast_head_json":{"title":"Sobre n\u00f3s - Fretamento de \u00d4nibus","robots":{"index":"noindex","follow":"follow","max-snippet":"max-snippet:-1","max-image-preview":"max-image-preview:large","max-video-preview":"max-video-preview:-1"},"og_locale":"pt_BR","og_type":"article","og_title":"Sobre n\u00f3s - Fretamento de \u00d4nibus","og_description":"Sobre N\u00f3s Somos tradi\u00e7\u00e3o no transporte de colaboradores em Campinas-SP e regi\u00e3o Home Sobre n\u00f3s Sobre N\u00f3s Tradi\u00e7\u00e3o e Modernidade A Transnetti pertence a um grupo com mais de 60 anos de experi\u00eancia e tradi\u00e7\u00e3o no mercado. Opera no setor de transporte de passageiros com \u00f4nibus, micro-\u00f4nibus, vans, ve\u00edculos pequenos e utilit\u00e1rios, em regime de [&hellip;]","og_url":"https:\/\/viacaolimaesilva.com.br\/?page_id=103","og_site_name":"Fretamento de \u00d4nibus","article_modified_time":"2023-10-24T14:09:18+00:00","twitter_card":"summary_large_image","twitter_misc":{"Est. tempo de leitura":"2 minutos"},"schema":{"@context":"https:\/\/schema.org","@graph":[{"@type":"WebPage","@id":"https:\/\/viacaolimaesilva.com.br\/?page_id=103","url":"https:\/\/viacaolimaesilva.com.br\/?page_id=103","name":"Sobre n\u00f3s - Fretamento de \u00d4nibus","isPartOf":{"@id":"https:\/\/viacaolimaesilva.com.br\/#website"},"datePublished":"2022-07-08T18:20:27+00:00","dateModified":"2023-10-24T14:09:18+00:00","breadcrumb":{"@id":"https:\/\/viacaolimaesilva.com.br\/?page_id=103#breadcrumb"},"inLanguage":"pt-BR","potentialAction":[{"@type":"ReadAction","target":["https:\/\/viacaolimaesilva.com.br\/?page_id=103"]}]},{"@type":"BreadcrumbList","@id":"https:\/\/viacaolimaesilva.com.br\/?page_id=103#breadcrumb","itemListElement":[{"@type":"ListItem","position":1,"name":"In\u00edcio","item":"https:\/\/viacaolimaesilva.com.br\/"},{"@type":"ListItem","position":2,"name":"Sobre n\u00f3s"}]},{"@type":"WebSite","@id":"https:\/\/viacaolimaesilva.com.br\/#website","url":"https:\/\/viacaolimaesilva.com.br\/","name":"Fretamento de \u00d4nibus","description":"Fretamento de \u00d4nibus, Micro e Vans.","potentialAction":[{"@type":"SearchAction","target":{"@type":"EntryPoint","urlTemplate":"https:\/\/viacaolimaesilva.com.br\/?s={search_term_string}"},"query-input":{"@type":"PropertyValueSpecification","valueRequired":true,"valueName":"search_term_string"}}],"inLanguage":"pt-BR"}]}},"_links":{"self":[{"href":"https:\/\/viacaolimaesilva.com.br\/index.php?rest_route=\/wp\/v2\/pages\/103","targetHints":{"allow":["GET"]}}],"collection":[{"href":"https:\/\/viacaolimaesilva.com.br\/index.php?rest_route=\/wp\/v2\/pages"}],"about":[{"href":"https:\/\/viacaolimaesilva.com.br\/index.php?rest_route=\/wp\/v2\/types\/page"}],"author":[{"embeddable":true,"href":"https:\/\/viacaolimaesilva.com.br\/index.php?rest_route=\/wp\/v2\/users\/1"}],"replies":[{"embeddable":true,"href":"https:\/\/viacaolimaesilva.com.br\/index.php?rest_route=%2Fwp%2Fv2%2Fcomments&post=103"}],"version-history":[{"count":28,"href":"https:\/\/viacaolimaesilva.com.br\/index.php?rest_route=\/wp\/v2\/pages\/103\/revisions"}],"predecessor-version":[{"id":12974,"href":"https:\/\/viacaolimaesilva.com.br\/index.php?rest_route=\/wp\/v2\/pages\/103\/revisions\/12974"}],"wp:attachment":[{"href":"https:\/\/viacaolimaesilva.com.br\/index.php?rest_route=%2Fwp%2Fv2%2Fmedia&parent=103"}],"curies":[{"name":"wp","href":"https:\/\/api.w.org\/{rel}","templated":true}]}}